{"id":57,"date":"2016-05-18T13:57:26","date_gmt":"2016-05-18T13:57:26","guid":{"rendered":"http:\/\/themes.muffingroup.com\/be\/medic2\/?page_id=2"},"modified":"2021-11-01T13:19:55","modified_gmt":"2021-11-01T13:19:55","slug":"equipamiento-medico","status":"publish","type":"page","link":"https:\/\/bio-teach.com\/","title":{"rendered":"Home"},"content":{"rendered":"\n<p><\/p>\n\n\n<h1>01<\/h1>\n<p><br \/><br \/><br \/><br \/><br \/><\/p>\n<h2>NUESTRA HISTORIA<\/h2>\n<p><br \/><br \/><a class=\"button  button_size_2 button_dark button_js\" href=\"\"    ><span class=\"button_label\">Button<\/span><\/a>\n<br \/>left<br \/>no-repeat;left top;;<br \/>auto<br \/><br \/><\/p>\n<h2>1998 &#8211; 2020<\/h2>\n<p> <\/p>\n<h5>Somos una empresa fundada en el a\u00f1o 1998, que apuesta por la consolidaci\u00f3n de proyectos Sanitarios con la m\u00e1s alta calidad y tecnolog\u00eda, aplicando su amplia experiencia en el mundo, para facilitar a profesionales m\u00e9dicos lo mejor en el \u00e1rea sanitaria.<\/h5>\n<p><br \/><br \/><\/p>\n<h5>Ofrecemos a nuestros clientes la Gesti\u00f3n Integral de Proyectos de Equipamiento m\u00e9dico\/sanitario, as\u00ed como la distribuci\u00f3n de material m\u00e9dico.<\/h5>\n<p><br \/><br \/><\/p>\n<h5>Nuestra experiencia en el campo de la Salud y nuestro componente humano especializado, nos permite que podamos suministrar, cooperar, participar, asesorar o intervenir con instituciones, empresas o grupos de profesionales, que requieren nuestros servicios.<\/h5>\n<p><br \/>justify<br \/>no-repeat;left top;;<br \/>auto<br \/><br \/>30<br \/>default<br \/><br \/><\/p>\n<h1>02<\/h1>\n<p><br \/><br \/><br \/><br \/><br \/><\/p>\n<h2>NUESTROS SERVICIOS<\/h2>\n<p><br \/><br \/><a class=\"button  button_size_2 button_dark button_js\" href=\"\"    ><span class=\"button_label\">Button<\/span><\/a>\n<br \/>left<br \/>no-repeat;left top;;<br \/>auto<br \/><br \/><img src=\"https:\/\/bio-teach.com\/wp-content\/uploads\/2020\/04\/Gestion-y-asesoramiento-en-proyectos-min.jpg\" alt=\"Gestion y asesoramiento en proyectos-min\" \/><br \/>GESTI\u00d3N Y ASESORAMIENTO EN PROYECTOS HOSPITALARIOS<br \/><a href=\"https:\/\/bio-teach.com\/index.php\/gestion-y-asesoramiento\/\">https:\/\/bio-teach.com\/index.php\/gestion-y-asesoramiento\/<\/a><br \/>zoomIn<br \/><br \/><img src=\"https:\/\/bio-teach.com\/wp-content\/uploads\/2020\/04\/suministro-y-equipo-medico-min.jpg\" alt=\"suministro y equipo medico-min\" \/><br \/>SUMINISTROS Y EQUIPO M\u00c9DICO<br \/><a href=\"https:\/\/bio-teach.com\/index.php\/suministros-y-equipo-medico\/\">https:\/\/bio-teach.com\/index.php\/suministros-y-equipo-medico\/<\/a><br \/>zoomIn<br \/><br \/><img src=\"https:\/\/bio-teach.com\/wp-content\/uploads\/2020\/04\/Accesorios-y-consumibles-min.jpg\" alt=\"Accesorios y consumibles-min\" \/><br \/>ACCESORIOS Y CONSUMIBLES<br \/><a href=\"https:\/\/bio-teach.com\/index.php\/accesorios-y-consumibles\/\">https:\/\/bio-teach.com\/index.php\/accesorios-y-consumibles\/<\/a><br \/>zoomIn<br \/><br \/>30<br \/>default<br \/><br \/><\/p>\n<h1>03<\/h1>\n<p><br \/><br \/><br \/><br \/><br \/><\/p>\n<h2>NUESTROS PROYECTOS<\/h2>\n<p><br \/><br \/><a class=\"button  button_size_2 button_dark button_js\" href=\"\"    ><span class=\"button_label\">Button<\/span><\/a>\n<br \/>left<br \/>no-repeat;left top;;<br \/>auto<br \/><br \/>date<br \/>DESC<br \/><br \/>30<br \/>default<br \/><br \/><\/p>\n<h1>04<\/h1>\n<p><br \/><br \/><br \/><br \/><br \/><\/p>\n<h2>KITS PRP<\/h2>\n<p><br \/><br \/><a class=\"button  button_size_2 button_dark button_js\" href=\"\"    ><span class=\"button_label\">Button<\/span><\/a>\n<br \/>left<br \/>no-repeat;left top;;<br \/>auto<br \/><br \/><\/p>\n<h2>Plasma rico en plaquetas<\/h2>\n<p><br \/><br \/><\/p>\n<h5>Bio-Teach Medical cuenta con los <a href=\"https:\/\/bio-teach.com\/kitsprp\/\">kits de plasma rico en plaquetas o PRP<\/a>, los cuales pemite aplicase en disintos ambitos como la traumatologia, la medicina deportiva, bio estimulaci\u00f3n capilar, para el rejuvenecimiento ov\u00e1rico para la fertilidad entre otras. Conoc\u00e9 m\u00e1s sobre los tipos de KITS PRP que ofrecemos.<\/h5>\n<p><br \/>justify<br \/>no-repeat;left top;;<br \/>auto<br \/><br \/>30<br \/>default<br \/><br \/><\/p>\n<h1>05<\/h1>\n<p><br \/><br \/><br \/><br \/><br \/><\/p>\n<h3>CONT\u00c1CTANOS<\/h3>\n<p><br \/>left<br \/>no-repeat;left top;;<br \/>auto<br \/><br \/>Heading<br \/><img src=\"https:\/\/bio-teach.com\/wp-content\/uploads\/2020\/04\/Untitled-7-min-1.png\" alt=\"\" \/><br \/>center<br \/>no-repeat;center top;;<br \/>auto<br \/>10px<br \/><br \/>Heading<\/p>\n<h2>DESCUBRE TODO LO QUE PODEMOS HACER POR T\u00cd<\/h2>\n<p><br \/><br \/><br \/><br \/><br \/><\/p>\n<h5>+34 963 073 030<\/h5>\n<p> <\/p>\n<h5>info@bio-teach.com<\/h5>\n<p><br \/><br \/><br \/>left<br \/>no-repeat;center top;;<br \/>auto<br \/>10px<br \/><br \/>menu_order<br \/>ASC<br \/><br \/><\/p>\n<h4>CONTACTATE CON NOSOTROS<\/h4>\n<p><br \/>20px 30px<br \/>#43b0f4<br \/>#649add<br \/>#a5e3d4<br \/>#a5e3d4<br \/>2px<br \/><a href=\"http:\/\/bio-teach.com\/contact\/\">http:\/\/bio-teach.com\/contact\/<\/a><br \/><br \/><\/p>","protected":false},"excerpt":{"rendered":"<p>01 NUESTRA HISTORIA leftno-repeat;left top;;auto 1998 &#8211; 2020 Somos una empresa fundada en el a\u00f1o 1998, que apuesta por la consolidaci\u00f3n de proyectos Sanitarios con la<span class=\"excerpt-hellip\"> [\u2026]<\/span><\/p>\n","protected":false},"author":1,"featured_media":0,"parent":0,"menu_order":0,"comment_status":"closed","ping_status":"open","template":"","meta":{"om_disable_all_campaigns":false},"yoast_head":"<!-- This site is optimized with the Yoast SEO plugin v17.4 - https:\/\/yoast.com\/wordpress\/plugins\/seo\/ -->\n<title>Venta de equipamiento M\u00e9dico - Bio Teach<\/title>\n<meta name=\"description\" content=\"Somos una empresa dedicada a la venta de equipamiento m\u00e9dico, venta de equipamiento quirurjico, venta de kit PRP, entre otros\" \/>\n<meta name=\"robots\" content=\"index, follow, max-snippet:-1, max-image-preview:large, max-video-preview:-1\" \/>\n<link rel=\"canonical\" href=\"https:\/\/bio-teach.com\/\" \/>\n<meta property=\"og:locale\" content=\"es_ES\" \/>\n<meta property=\"og:type\" content=\"article\" \/>\n<meta property=\"og:title\" content=\"Venta de equipamiento M\u00e9dico - Bio Teach\" \/>\n<meta property=\"og:description\" content=\"Somos una empresa dedicada a la venta de equipamiento m\u00e9dico, venta de equipamiento quirurjico, venta de kit PRP, entre otros\" \/>\n<meta property=\"og:url\" content=\"https:\/\/bio-teach.com\/\" \/>\n<meta property=\"og:site_name\" content=\"Bio Teach\" \/>\n<meta property=\"article:modified_time\" content=\"2021-11-01T13:19:55+00:00\" \/>\n<meta property=\"og:image\" content=\"https:\/\/bio-teach.com\/wp-content\/uploads\/2020\/04\/Gestion-y-asesoramiento-en-proyectos-min.jpg\" \/>\n<meta name=\"twitter:card\" content=\"summary_large_image\" \/>\n<meta name=\"twitter:label1\" content=\"Tiempo de lectura\" \/>\n\t<meta name=\"twitter:data1\" content=\"3 minutos\" \/>\n<script type=\"application\/ld+json\" class=\"yoast-schema-graph\">{\"@context\":\"https:\/\/schema.org\",\"@graph\":[{\"@type\":\"WebSite\",\"@id\":\"https:\/\/bio-teach.com\/#website\",\"url\":\"https:\/\/bio-teach.com\/\",\"name\":\"Bio Teach\",\"description\":\"\",\"potentialAction\":[{\"@type\":\"SearchAction\",\"target\":{\"@type\":\"EntryPoint\",\"urlTemplate\":\"https:\/\/bio-teach.com\/?s={search_term_string}\"},\"query-input\":\"required name=search_term_string\"}],\"inLanguage\":\"es\"},{\"@type\":\"ImageObject\",\"@id\":\"https:\/\/bio-teach.com\/#primaryimage\",\"inLanguage\":\"es\",\"url\":\"https:\/\/bio-teach.com\/wp-content\/uploads\/2020\/04\/Gestion-y-asesoramiento-en-proyectos-min.jpg\",\"contentUrl\":\"https:\/\/bio-teach.com\/wp-content\/uploads\/2020\/04\/Gestion-y-asesoramiento-en-proyectos-min.jpg\",\"width\":780,\"height\":600},{\"@type\":\"WebPage\",\"@id\":\"https:\/\/bio-teach.com\/#webpage\",\"url\":\"https:\/\/bio-teach.com\/\",\"name\":\"Venta de equipamiento M\\u00e9dico - Bio Teach\",\"isPartOf\":{\"@id\":\"https:\/\/bio-teach.com\/#website\"},\"primaryImageOfPage\":{\"@id\":\"https:\/\/bio-teach.com\/#primaryimage\"},\"datePublished\":\"2016-05-18T13:57:26+00:00\",\"dateModified\":\"2021-11-01T13:19:55+00:00\",\"description\":\"Somos una empresa dedicada a la venta de equipamiento m\\u00e9dico, venta de equipamiento quirurjico, venta de kit PRP, entre otros\",\"breadcrumb\":{\"@id\":\"https:\/\/bio-teach.com\/#breadcrumb\"},\"inLanguage\":\"es\",\"potentialAction\":[{\"@type\":\"ReadAction\",\"target\":[\"https:\/\/bio-teach.com\/\"]}]},{\"@type\":\"BreadcrumbList\",\"@id\":\"https:\/\/bio-teach.com\/#breadcrumb\",\"itemListElement\":[{\"@type\":\"ListItem\",\"position\":1,\"name\":\"Portada\",\"item\":\"https:\/\/bio-teach.com\/\"},{\"@type\":\"ListItem\",\"position\":2,\"name\":\"Home\"}]}]}<\/script>\n<!-- \/ Yoast SEO plugin. -->","yoast_head_json":{"title":"Venta de equipamiento M\u00e9dico - Bio Teach","description":"Somos una empresa dedicada a la venta de equipamiento m\u00e9dico, venta de equipamiento quirurjico, venta de kit PRP, entre otros","robots":{"index":"index","follow":"follow","max-snippet":"max-snippet:-1","max-image-preview":"max-image-preview:large","max-video-preview":"max-video-preview:-1"},"canonical":"https:\/\/bio-teach.com\/","og_locale":"es_ES","og_type":"article","og_title":"Venta de equipamiento M\u00e9dico - Bio Teach","og_description":"Somos una empresa dedicada a la venta de equipamiento m\u00e9dico, venta de equipamiento quirurjico, venta de kit PRP, entre otros","og_url":"https:\/\/bio-teach.com\/","og_site_name":"Bio Teach","article_modified_time":"2021-11-01T13:19:55+00:00","og_image":[{"url":"https:\/\/bio-teach.com\/wp-content\/uploads\/2020\/04\/Gestion-y-asesoramiento-en-proyectos-min.jpg"}],"twitter_card":"summary_large_image","twitter_misc":{"Tiempo de lectura":"3 minutos"},"schema":{"@context":"https:\/\/schema.org","@graph":[{"@type":"WebSite","@id":"https:\/\/bio-teach.com\/#website","url":"https:\/\/bio-teach.com\/","name":"Bio Teach","description":"","potentialAction":[{"@type":"SearchAction","target":{"@type":"EntryPoint","urlTemplate":"https:\/\/bio-teach.com\/?s={search_term_string}"},"query-input":"required name=search_term_string"}],"inLanguage":"es"},{"@type":"ImageObject","@id":"https:\/\/bio-teach.com\/#primaryimage","inLanguage":"es","url":"https:\/\/bio-teach.com\/wp-content\/uploads\/2020\/04\/Gestion-y-asesoramiento-en-proyectos-min.jpg","contentUrl":"https:\/\/bio-teach.com\/wp-content\/uploads\/2020\/04\/Gestion-y-asesoramiento-en-proyectos-min.jpg","width":780,"height":600},{"@type":"WebPage","@id":"https:\/\/bio-teach.com\/#webpage","url":"https:\/\/bio-teach.com\/","name":"Venta de equipamiento M\u00e9dico - Bio Teach","isPartOf":{"@id":"https:\/\/bio-teach.com\/#website"},"primaryImageOfPage":{"@id":"https:\/\/bio-teach.com\/#primaryimage"},"datePublished":"2016-05-18T13:57:26+00:00","dateModified":"2021-11-01T13:19:55+00:00","description":"Somos una empresa dedicada a la venta de equipamiento m\u00e9dico, venta de equipamiento quirurjico, venta de kit PRP, entre otros","breadcrumb":{"@id":"https:\/\/bio-teach.com\/#breadcrumb"},"inLanguage":"es","potentialAction":[{"@type":"ReadAction","target":["https:\/\/bio-teach.com\/"]}]},{"@type":"BreadcrumbList","@id":"https:\/\/bio-teach.com\/#breadcrumb","itemListElement":[{"@type":"ListItem","position":1,"name":"Portada","item":"https:\/\/bio-teach.com\/"},{"@type":"ListItem","position":2,"name":"Home"}]}]}},"_links":{"self":[{"href":"https:\/\/bio-teach.com\/index.php\/wp-json\/wp\/v2\/pages\/57"}],"collection":[{"href":"https:\/\/bio-teach.com\/index.php\/wp-json\/wp\/v2\/pages"}],"about":[{"href":"https:\/\/bio-teach.com\/index.php\/wp-json\/wp\/v2\/types\/page"}],"author":[{"embeddable":true,"href":"https:\/\/bio-teach.com\/index.php\/wp-json\/wp\/v2\/users\/1"}],"replies":[{"embeddable":true,"href":"https:\/\/bio-teach.com\/index.php\/wp-json\/wp\/v2\/comments?post=57"}],"version-history":[{"count":3,"href":"https:\/\/bio-teach.com\/index.php\/wp-json\/wp\/v2\/pages\/57\/revisions"}],"predecessor-version":[{"id":566,"href":"https:\/\/bio-teach.com\/index.php\/wp-json\/wp\/v2\/pages\/57\/revisions\/566"}],"wp:attachment":[{"href":"https:\/\/bio-teach.com\/index.php\/wp-json\/wp\/v2\/media?parent=57"}],"curies":[{"name":"wp","href":"https:\/\/api.w.org\/{rel}","templated":true}]}}